vided by 20?
9
Let q(j) = 23*j - 55. Calculate the remainder when 517 is divided by q(4).
36
Suppose 6*g = 3*g + 48. Let f = -10 + g. Suppose 8*n - f*n - 34 = 0. What is the remainder when 30 is divided by n?
13
What is the remainder when 6928/28 + (-3)/7 is divided by 1/3 + 447/9?
47
Let s(l) = -l**2 - 11*l - 16. What is the remainder when 16 is divided by s(-9)?
0
Suppose g - 189 = -25. Suppose 16*w - g - 60 = 0. Calculate the remainder when 38 is divided by w.
10
Calculate the remainder when 261 is divided by -650*(-5)/60 + (-1)/6.
45
Let p(u) = u**3 - 8*u**2 - 8*u - 12. Let b be p(9). What is the remainder when 7 is divided by -1 + (1 - b/3) + 2?
1
Suppose 3*g + 3 - 321 = 0. What is the remainder when g is divided by 33?
7
Let m(q) = q**3 - 21*q**2 + 28*q - 50. Calculate the remainder when m(21) is divided by 45.
43
Suppose -18 = -2*f - 0. Suppose -f*x + 5*x = -20. Suppose -15 - 115 = -x*h. What is the remainder when 49 is divided by h?
23
Suppose 35*i = 3*s + 37*i - 680, s = 5*i + 255. What is the remainder when s is divided by 8?
6
Let j be 3/5 + (-399)/(-35) + 0. Let o = j + 4. What is the remainder when 29 is divided by o?
13
Let a(o) = -17*o**2 + o - 1. Let c be a(1). Let g = c - -47. What is the remainder when g is divided by 12?
6
Let b = 8 + -1. Let j be 12/b + 8/28. Calculate the remainder when 5 is divided by j/3 + (-40)/(-30).
1
Let b = 2 + 1. Suppose -35 = b*t - 185. What is the remainder when t is divided by 13?
11
Let o = 10 + -6. Suppose 0*d - o*d - 8 = 0. Let h = d + 13. What is the remainder when 31 is divided by h?
9
Suppose -4*u + 3*m = -260, -60 = 3*u - 4*u + 2*m. Calculate the remainder when u is divided by 29.
10
Suppose -9 = -t - 6. Suppose -8*h - t*h = -440. Calculate the remainder when 75 is divided by h.
35
Suppose o - 29 = 9. Suppose -150*x = -149*x - 2. Suppose x = 5*p - o. What is the remainder when 31 is divided by p?
7
Let u = 439 - 410. What is the remainder when 317 is divided by u?
27
Suppose 0 = 3*g - 3*q - 1209, 0 = g + 4*g + q - 2021. Suppose -5*k + 251 = -g. What is the remainder when k is divided by 19?
17
What is the remainder when (4/5*-2)/(1062/(-183195)) is divided by 137?
2
Let l = -1338 + 2245. What is the remainder when l is divided by 5?
2
Suppose 5*j - 370 = 4*i, 0 = 2*i - 0*i. Let d = j - 42. Calculate the remainder when d is divided by 9.
5
Suppose -2*j + 4*i - 20 = -3*j, 4*i - 84 = -3*j. Suppose 0 = 3*n - 9, -c - 5*n + j = 11. Calculate the remainder when 21 is divided by c.
3
Let g = 16 + -11. What is the remainder when (-32 + -4)/(4/(-6)) is divided by (g/(-10))/((-3)/84)?
12
Calculate the remainder when 298 is divided by 45 + 4 + 3 - -1.
33
Let t = -21 + 31. Suppose 37 + 20 = z. Calculate the remainder when z is divided by 8/(24/t + -2).
17
Suppose 3*a + 60*o - 114 = 64*o, -a + 4*o = -38. Suppose -3*j + 287 = -163. What is the remainder when j is divided by a?
36
Let z(i) = 2*i**2 + 10*i + 3. Let x = -3 - 4. Calculate the remainder when z(x) is divided by (-22)/((-6)/(-2 - -5)).
9
Let m be (-6)/4 + 14274/12. Suppose 4*h + 2*b = -m, 2*b - 5*b - 1486 = 5*h. Calculate the remainder when (-12)/(-18) + h/(-6) is divided by 13.
11
Let u = 57 - 2. What is the remainder when -1 - -1 - u/(-5) is divided by 9?
2
Suppose -11 = -3*p - 47. Let k = -12 - p. Let a(j) = j**2 + 25. Calculate the remainder when a(k) is divided by 14.
11
Suppose -1 = -3*b + 29. Suppose b*p - 110 = 5*p. Calculate the remainder when 1 + ((-765)/(-3))/3 is divided by p.
20
Suppose -g = -4*g - 6. Let r(b) = -16*b**3 + 3*b**2 - b - 4. Calculate the remainder when r(g) is divided by 35.
33
Suppose -3*k + 5*k = -3*g + 619, 0 = -g + 1. What is the remainder when k is divided by 47?
26
Suppose 9 = n + 5. Suppose 2*s + 108 = 5*c, -20 = -2*c - n*s + 28. Calculate the remainder when (-12)/(-42) + 1168/28 is divided by c.
20
Let o(g) = -11*g. Let u be o(-4). Suppose -2*l = 5*y - 101, 2*y + l - u = 2*l. Suppose -112*t - 121 = -123*t. What is the remainder when y is divided by t?
10
Let u(j) = -j**2 - 5*j + 44. Let d be u(-10). Let x(q) = -q**3 - 5*q**2 + 4*q + 2. Calculate the remainder when 40 is divided by x(d).
12
Let k(x) = 3*x - 1. Suppose -4*m + 3*o = 42, 0 = 3*m - 0*m - 2*o + 32. Let f = m - -21. Calculate the remainder when k(6) is divided by f.
8
Let y(t) = -21*t**3 - t**2 + t + 1. Let o be 1*(1 - (4 + -2)). What is the remainder when (8/(-4) - -1)*-59 is divided by y(o)?
19
Let a be 5*(-2)/10*(1 + 1). What is the remainder when (a + -4)*115/(-15) is divided by 12?
10
Let n = 106 - 72. Let i(b) = 7*b**2 - 10*b + 4. What is the remainder when n is divided by i(2)?
10
Suppose 2*j - p - 11 = 0, -5*p + 4*p = -4*j + 19. Let l(b) = -b**3 - b**2 - b. Suppose 10 = u - 6*u. What is the remainder when l(u) is divided by j?
2
Let u(n) = 2*n + 6. What is the remainder when u(5) is divided by 14 + 15 + -19 + -5 + 0?
1
Let n(z) = z**2 + 5*z + 3. Let b be n(-5). Let c(x) = 3*x**2 - 5*x + 2. Suppose -31*r - 17*r = -144. Calculate the remainder when c(b) is divided by r.
2
Suppose -23 = -3*c - 3*o + 31, 4*c = 3*o + 86. Let h = 10 + -26. Let w = c + h. Calculate the remainder when 13 is divided by w.
1
Suppose 2*b + 4*o + 6 = b, 4*o - 30 = 5*b. Calculate the remainder when -2*(-4)/8 + 23 is divided by (18/(b/3))/(-1).
6
Let w = 5 + -3. Let u = -226 + 228. Suppose -2*x + 6*c = u*c, -w*c = -4*x + 18. Calculate the remainder when 22 is divided by x.
4
Let s(q) = -q**2 + q + 39. Let l = -25 - -28. Suppose l*v - 150 = v. What is the remainder when v is divided by s(0)?
36
Let g(j) = 10*j**2 - 2*j - 2. Let z be g(-1). Suppose -m + z = 5. Suppose -3*b = 3*x - 3, -3*b = -3*x + m*x - 5. Calculate the remainder when 6 is divided by b.
0
Let z = 18 + -10. Suppose t - 3*a = -z*a + 17, -t = 4*a - 14. Suppose -6 = -3*f + t*f - 4*b, -2*b = 5*f - 30. What is the remainder when 8 is divided by f?
2
Suppose 0 = -0*u - 3*u + 36. Suppose -17*c - 434 = -536. Calculate the remainder when u is divided by c.
0
Let v(t) = 5*t**3 - 2*t**2 + 2*t - 3. Suppose -5*m + 2*m - 5*s + 41 = 0, s = -m + 13. What is the remainder when v(2) is divided by m?
9
Suppose -15 = 4*j - 9*j. Let k = j + 3. Suppose 2*i - 70 = 4*t, 5*i + t = -0*t + 131. What is the remainder when i is divided by k?
3
Let w(f) = f**2 - f - 443. What is the remainder when w(-22) is divided by 24?
15
Suppose 0 = 10*w - 2*w - 2256. Calculate the remainder when w is divided by 36.
30
Suppose 3*w - 3 = -r, 1 = 3*r - w - 18. Let z = 12 - -3. Let g(i) = -i**3 + 14*i**2 + 16*i + 6. Calculate the remainder when g(z) is divided by r.
3
Let u(s) = -s**3 + s**2 + 4. Let b = -6 - -6. Suppose 4*p = 4*m - 4, 2*p + 3*m = -2*p + 17. Calculate the remainder when u(b) is divided by p.
0
Let b(q) = -6*q + 92. Calculate the remainder when 405 is divided by b(-7).
3
Suppose 7*w - 10*w + 6 = 0. Let c be 4/(-10) + (-4)/(-10). Suppose c = 2*m + 3*m - 25. What is the remainder when m is divided by w?
1
Let y(x) = -15*x**2 - 196*x + 23. What is the remainder when 43 is divided by y(-13)?
7
Let b = -40 - -55. Suppose -10*p + b*p = 50. Calculate the remainder when 39 is divided by p.
9
Suppose 154 = -66*c + 69*c - 5*y, c = -4*y + 91. Calculate the remainder when c is divided by (22/8 + 0)*8.
19
Suppose -105 = -8*p - 7*p. What is the remainder when 11 is divided by p?
4
Let p(r) = -r**3 + 12*r**2 + 13*r + 20. Let j be p(13). Suppose -4*f = -j - 80. Calculate the remainder when 98 is divided by f.
23
Let o = 91 - 33. Let y be 614/4 + 3/(-6). Suppose 0*w = w - j - 27, y = 5*w + j. What is the remainder when o is divided by w?
28
Suppose -1613*j + 1611*j = -22. Calculate the remainder when 53 is divided by j.
9
Let c(f) = -2*f**2 + f - 1. Let x be c(3). Let t be 23/1 + 6/(-3). Let y = t + x. What is the remainder when y is divided by 2?
1
Let z be 4*(-2 - 0) + -1. Let s be (-692)/(-36) + 2/z. Suppose 5*x + 6*j = j - 10, 5*j + s = -2*x. What is the remainder when x is divided by 3?
0
Suppose 427 = 20*s - 133. What is the remainder when 278 is divided by s?
26
Suppose -2*m + 96 = -5*m. Let a = m + 58. Calculate the remainder when 101 is divided by a.
23
Let s = -5672 - -5789. Suppose -w = -3*v - 2 + 1, -4*w + 5*v + 25 = 0. Calculate the remainder when s is divided by w.
7
Let d(t) = 84*t**2 + 9*t + 7. Calculate the remainder when d(-2) is 